{"id":16,"date":"2023-11-28T20:06:40","date_gmt":"2023-11-29T02:06:40","guid":{"rendered":"https:\/\/weareglobaldreamers.com\/?page_id=16"},"modified":"2024-04-07T19:44:01","modified_gmt":"2024-04-08T01:44:01","slug":"acerca-de","status":"publish","type":"page","link":"https:\/\/weareglobaldreamers.com\/index.php\/acerca-de\/","title":{"rendered":"Sobre m\u00ed"},"content":{"rendered":"\n<div class=\"wp-block-cover alignfull is-light\" style=\"min-height:742px;aspect-ratio:unset;\"><span aria-hidden=\"true\" class=\"wp-block-cover__background has-background-dim-20 has-background-dim\"><\/span><video class=\"wp-block-cover__video-background intrinsic-ignore\" autoplay muted loop playsinline src=\"https:\/\/weareglobaldreamers.com\/wp-content\/uploads\/2024\/04\/1093662-hd_1920_1080_30fps.mp4\" data-object-fit=\"cover\"><\/video><div class=\"wp-block-cover__inner-container has-global-padding is-layout-constrained wp-block-cover-is-layout-constrained\">\n<p class=\"has-text-align-center has-text-color has-max-48-font-size\" style=\"color:#dedbd2;font-style:normal;font-weight:900;line-height:1.2\"><strong>Yo tambi\u00e9n quiero saber qui\u00e9n soy<\/strong><\/p>\n\n\n\n<div style=\"height:55px\" aria-hidden=\"true\" class=\"wp-block-spacer\"><\/div>\n<\/div><\/div>\n\n\n\n<div style=\"height:32px\" aria-hidden=\"true\" class=\"wp-block-spacer\"><\/div>\n\n\n\n<div class=\"wp-block-media-text is-stacked-on-mobile is-vertically-aligned-center\" style=\"grid-template-columns:29% auto\"><figure class=\"wp-block-media-text__media\"><img loading=\"lazy\" decoding=\"async\" width=\"768\" height=\"1024\" src=\"https:\/\/weareglobaldreamers.com\/wp-content\/uploads\/2024\/01\/404957376_404927331883506_6316004853425151357_n-768x1024.jpg\" alt=\"\" class=\"wp-image-136 size-full\" srcset=\"https:\/\/weareglobaldreamers.com\/wp-content\/uploads\/2024\/01\/404957376_404927331883506_6316004853425151357_n-768x1024.jpg 768w, https:\/\/weareglobaldreamers.com\/wp-content\/uploads\/2024\/01\/404957376_404927331883506_6316004853425151357_n-225x300.jpg 225w, https:\/\/weareglobaldreamers.com\/wp-content\/uploads\/2024\/01\/404957376_404927331883506_6316004853425151357_n.jpg 1512w\" sizes=\"auto, (max-width: 768px) 100vw, 768px\" \/><\/figure><div class=\"wp-block-media-text__content\">\n<p><\/p>\n\n\n\n<p class=\"has-text-align-center\"><strong><mark style=\"background-color:rgba(0, 0, 0, 0)\" class=\"has-inline-color has-foreground-color\">A veces me pregunto la verdadera historia de todo lo que asumimos<\/mark><\/strong><\/p>\n\n\n\n<p><\/p>\n\n\n\n<p>No te lo dir\u00e9 todo. Quiero abrirte mi coraz\u00f3n para que veas que soy una persona real, pero no te dar\u00e9 los detalles porque todos necesitamos algunos secretos.<\/p>\n\n\n\n<p>A lo largo de mi vida he recibido comentarios del tipo \u00ablas calificaciones que tienes, te las regalaron\u00bb, \u00abseguramente no mueves ni un dedo\u00bb o \u00abparece que tu vida est\u00e1 resuelta\u00bb. Hoy pienso que algunos me lo dec\u00edan en mal plan y otros porque usaba mi mejor m\u00e1scara.<\/p>\n\n\n\n<p>Aqu\u00ed va la respuesta:<\/p>\n\n\n\n<p>No vengo de una familia adinerada para tener la vida resulta. Cuando era adolescente, tom\u00e9 un rol de adulto que no me correspond\u00eda, as\u00ed que me volv\u00ed independiente pronto y cuando la vida se pon\u00eda complicada, mi refugio era el estudio, las competencias y ponerme metas. No s\u00e9 si dir\u00eda que fue una buena forma de canalizarlo, pero es la que encontr\u00e9.<\/p>\n\n\n\n<hr class=\"wp-block-separator has-alpha-channel-opacity\"\/>\n<\/div><\/div>\n\n\n\n<div class=\"wp-block-media-text has-media-on-the-right is-stacked-on-mobile\" style=\"grid-template-columns:auto 25%\"><div class=\"wp-block-media-text__content\">\n<p><\/p>\n\n\n\n<p class=\"has-text-align-center\"><strong>Hay historias (y pastillas) que ponen  tu vida de cabeza<\/strong><\/p>\n\n\n\n<p><\/p>\n\n\n\n<p>Actualmente, cuando pienso en qui\u00e9n soy, en la comisura de mi boca se dibuja una sutil sonrisa porque mis historias, con todos sus colores, me han ense\u00f1ado a disfrutar de los detalles y los buenos momentos.&nbsp;<\/p>\n\n\n\n<p>Sin embargo, sigo conoci\u00e9ndome y aprendiendo; de hecho, en los \u00faltimos dos meses unas pastillas me llevaron a descubrir mi lado m\u00e1s emocional, \u00a1y lo odi\u00e9! Lo detest\u00e9 tanto que la frase del banner la escrib\u00ed en uno de esos d\u00edas que echaba de menos a mi antigua yo \u00a1y s\u00ed!, la dej\u00e9 porque hoy s\u00e9 que esto tambi\u00e9n me pertenece.<\/p>\n\n\n\n<p>Oh, y no estoy diciendo que ser emocional sea malo, pero para alguien cuyas experiencias solo pasan por la mente y se desv\u00edan en el coraz\u00f3n \u2026 Bueno, sabe a un pan con vinagre y caos.&nbsp;<\/p>\n<\/div><figure class=\"wp-block-media-text__media\"><img loading=\"lazy\" decoding=\"async\" width=\"645\" height=\"1024\" src=\"https:\/\/weareglobaldreamers.com\/wp-content\/uploads\/2024\/04\/432195373_444785397994354_8800895615267733160_n-1-645x1024.jpg\" alt=\"\" class=\"wp-image-175 size-full\" srcset=\"https:\/\/weareglobaldreamers.com\/wp-content\/uploads\/2024\/04\/432195373_444785397994354_8800895615267733160_n-1-645x1024.jpg 645w, https:\/\/weareglobaldreamers.com\/wp-content\/uploads\/2024\/04\/432195373_444785397994354_8800895615267733160_n-1-189x300.jpg 189w, https:\/\/weareglobaldreamers.com\/wp-content\/uploads\/2024\/04\/432195373_444785397994354_8800895615267733160_n-1.jpg 1116w\" sizes=\"auto, (max-width: 645px) 100vw, 645px\" \/><\/figure><\/div>\n\n\n\n<hr class=\"wp-block-separator has-alpha-channel-opacity\"\/>\n\n\n\n<div class=\"wp-block-media-text is-stacked-on-mobile is-vertically-aligned-center\" style=\"grid-template-columns:26% auto\"><figure class=\"wp-block-media-text__media\"><img loading=\"lazy\" decoding=\"async\" width=\"671\" height=\"1024\" src=\"https:\/\/weareglobaldreamers.com\/wp-content\/uploads\/2024\/04\/431893982_906662277904815_6068476224287405343_n-2-671x1024.jpg\" alt=\"\" class=\"wp-image-174 size-full\" srcset=\"https:\/\/weareglobaldreamers.com\/wp-content\/uploads\/2024\/04\/431893982_906662277904815_6068476224287405343_n-2-671x1024.jpg 671w, https:\/\/weareglobaldreamers.com\/wp-content\/uploads\/2024\/04\/431893982_906662277904815_6068476224287405343_n-2-196x300.jpg 196w, https:\/\/weareglobaldreamers.com\/wp-content\/uploads\/2024\/04\/431893982_906662277904815_6068476224287405343_n-2.jpg 972w\" sizes=\"auto, (max-width: 671px) 100vw, 671px\" \/><\/figure><div class=\"wp-block-media-text__content\">\n<p><\/p>\n\n\n\n<p class=\"has-text-align-center\"><strong>Si tan solo tuvi\u00e9ramos m\u00e1s tiempo nos dar\u00edamos cuenta de que algo siempre nos conecta<\/strong><\/p>\n\n\n\n<p><\/p>\n\n\n\n<p>Mucho de lo que vivir\u00e1 en este sitio, son conversaciones que suelo tener en mi mente, pero si hoy est\u00e1s aqu\u00ed, entraste a mi lugar m\u00e1s \u00edntimo y menos privado, aunque suene parad\u00f3jico. As\u00ed que, te pedir\u00eda que muestres compasi\u00f3n y cuidado por \u00e9l, tanto como lo har\u00edas por ese espacio que es solo tuyo y que visitas cuando la vida te pone a reflexionar.<\/p>\n\n\n\n<p>Probablemente, en mis palabras encontrar\u00e1s frases que resuenen contigo, te inviten a cuestionarte o, bien, podr\u00edan parecerte absurdas. \u00a1Todo se vale! Por lo que, si algo de lo que comparto conecta contigo o te es \u00fatil, si\u00e9ntete libre de abrazarlo, puede pertenecernos a ambos. En caso contrario, habr\u00e1s conocido uno m\u00e1s de mis matices.<\/p>\n\n\n\n<p>Espero que disfrutes del tiempo que dure tu estad\u00eda aqu\u00ed y que sea un lugar c\u00f3modo al que siempre desees volver. \u00a1Yo encantada por tu visita!<\/p>\n\n\n\n<p> Hasta que las palabras nos vuelvan a juntar. <\/p>\n<\/div><\/div>\n\n\n\n<ul class=\"wp-block-social-links is-content-justification-center is-layout-flex wp-container-core-social-links-is-layout-1 wp-block-social-links-is-layout-flex\"><li class=\"wp-social-link wp-social-link-instagram  wp-block-social-link\"><a href=\"https:\/\/www.instagram.com\/weareglobaldreamers\/\" class=\"wp-block-social-link-anchor\"><svg width=\"24\" height=\"24\" viewBox=\"0 0 24 24\" version=\"1.1\" xmlns=\"http:\/\/www.w3.org\/2000\/svg\" aria-hidden=\"true\" focusable=\"false\"><path d=\"M12,4.622c2.403,0,2.688,0.009,3.637,0.052c0.877,0.04,1.354,0.187,1.671,0.31c0.42,0.163,0.72,0.358,1.035,0.673 c0.315,0.315,0.51,0.615,0.673,1.035c0.123,0.317,0.27,0.794,0.31,1.671c0.043,0.949,0.052,1.234,0.052,3.637 s-0.009,2.688-0.052,3.637c-0.04,0.877-0.187,1.354-0.31,1.671c-0.163,0.42-0.358,0.72-0.673,1.035 c-0.315,0.315-0.615,0.51-1.035,0.673c-0.317,0.123-0.794,0.27-1.671,0.31c-0.949,0.043-1.233,0.052-3.637,0.052 s-2.688-0.009-3.637-0.052c-0.877-0.04-1.354-0.187-1.671-0.31c-0.42-0.163-0.72-0.358-1.035-0.673 c-0.315-0.315-0.51-0.615-0.673-1.035c-0.123-0.317-0.27-0.794-0.31-1.671C4.631,14.688,4.622,14.403,4.622,12 s0.009-2.688,0.052-3.637c0.04-0.877,0.187-1.354,0.31-1.671c0.163-0.42,0.358-0.72,0.673-1.035 c0.315-0.315,0.615-0.51,1.035-0.673c0.317-0.123,0.794-0.27,1.671-0.31C9.312,4.631,9.597,4.622,12,4.622 M12,3 C9.556,3,9.249,3.01,8.289,3.054C7.331,3.098,6.677,3.25,6.105,3.472C5.513,3.702,5.011,4.01,4.511,4.511 c-0.5,0.5-0.808,1.002-1.038,1.594C3.25,6.677,3.098,7.331,3.054,8.289C3.01,9.249,3,9.556,3,12c0,2.444,0.01,2.751,0.054,3.711 c0.044,0.958,0.196,1.612,0.418,2.185c0.23,0.592,0.538,1.094,1.038,1.594c0.5,0.5,1.002,0.808,1.594,1.038 c0.572,0.222,1.227,0.375,2.185,0.418C9.249,20.99,9.556,21,12,21s2.751-0.01,3.711-0.054c0.958-0.044,1.612-0.196,2.185-0.418 c0.592-0.23,1.094-0.538,1.594-1.038c0.5-0.5,0.808-1.002,1.038-1.594c0.222-0.572,0.375-1.227,0.418-2.185 C20.99,14.751,21,14.444,21,12s-0.01-2.751-0.054-3.711c-0.044-0.958-0.196-1.612-0.418-2.185c-0.23-0.592-0.538-1.094-1.038-1.594 c-0.5-0.5-1.002-0.808-1.594-1.038c-0.572-0.222-1.227-0.375-2.185-0.418C14.751,3.01,14.444,3,12,3L12,3z M12,7.378 c-2.552,0-4.622,2.069-4.622,4.622S9.448,16.622,12,16.622s4.622-2.069,4.622-4.622S14.552,7.378,12,7.378z M12,15 c-1.657,0-3-1.343-3-3s1.343-3,3-3s3,1.343,3,3S13.657,15,12,15z M16.804,6.116c-0.596,0-1.08,0.484-1.08,1.08 s0.484,1.08,1.08,1.08c0.596,0,1.08-0.484,1.08-1.08S17.401,6.116,16.804,6.116z\"><\/path><\/svg><span class=\"wp-block-social-link-label screen-reader-text\">Instagram<\/span><\/a><\/li>\n\n<li class=\"wp-social-link wp-social-link-linkedin  wp-block-social-link\"><a href=\"https:\/\/www.linkedin.com\/in\/lakshmi-hernandez\/\" class=\"wp-block-social-link-anchor\"><svg width=\"24\" height=\"24\" viewBox=\"0 0 24 24\" version=\"1.1\" xmlns=\"http:\/\/www.w3.org\/2000\/svg\" aria-hidden=\"true\" focusable=\"false\"><path d=\"M19.7,3H4.3C3.582,3,3,3.582,3,4.3v15.4C3,20.418,3.582,21,4.3,21h15.4c0.718,0,1.3-0.582,1.3-1.3V4.3 C21,3.582,20.418,3,19.7,3z M8.339,18.338H5.667v-8.59h2.672V18.338z M7.004,8.574c-0.857,0-1.549-0.694-1.549-1.548 c0-0.855,0.691-1.548,1.549-1.548c0.854,0,1.547,0.694,1.547,1.548C8.551,7.881,7.858,8.574,7.004,8.574z M18.339,18.338h-2.669 v-4.177c0-0.996-0.017-2.278-1.387-2.278c-1.389,0-1.601,1.086-1.601,2.206v4.249h-2.667v-8.59h2.559v1.174h0.037 c0.356-0.675,1.227-1.387,2.526-1.387c2.703,0,3.203,1.779,3.203,4.092V18.338z\"><\/path><\/svg><span class=\"wp-block-social-link-label screen-reader-text\">LinkedIn<\/span><\/a><\/li><\/ul>\n\n\n\n<div style=\"height:0px\" aria-hidden=\"true\" class=\"wp-block-spacer\"><\/div>\n","protected":false},"excerpt":{"rendered":"<p>Hay historias (y pastillas) que ponen tu vida de cabeza Actualmente, cuando pienso en qui\u00e9n soy, en la comisura de mi boca se dibuja una sutil sonrisa porque mis historias, con todos sus colores, me han ense\u00f1ado a disfrutar de los detalles y los buenos momentos.&nbsp; Sin embargo, sigo conoci\u00e9ndome y aprendiendo; de hecho, en &hellip; <\/p>\n<p class=\"link-more\"><a href=\"https:\/\/weareglobaldreamers.com\/index.php\/acerca-de\/\" class=\"more-link\">Leer m\u00e1s<span class=\"screen-reader-text\"> \u00abSobre m\u00ed\u00bb<\/span><\/a><\/p>\n","protected":false},"author":1,"featured_media":13,"parent":0,"menu_order":0,"comment_status":"closed","ping_status":"closed","template":"page-templates\/homepage-no-hero.php","meta":{"om_disable_all_campaigns":false,"footnotes":""},"class_list":["post-16","page","type-page","status-publish","has-post-thumbnail","hentry"],"aioseo_notices":[],"_links":{"self":[{"href":"https:\/\/weareglobaldreamers.com\/index.php\/wp-json\/wp\/v2\/pages\/16","targetHints":{"allow":["GET"]}}],"collection":[{"href":"https:\/\/weareglobaldreamers.com\/index.php\/wp-json\/wp\/v2\/pages"}],"about":[{"href":"https:\/\/weareglobaldreamers.com\/index.php\/wp-json\/wp\/v2\/types\/page"}],"author":[{"embeddable":true,"href":"https:\/\/weareglobaldreamers.com\/index.php\/wp-json\/wp\/v2\/users\/1"}],"replies":[{"embeddable":true,"href":"https:\/\/weareglobaldreamers.com\/index.php\/wp-json\/wp\/v2\/comments?post=16"}],"version-history":[{"count":28,"href":"https:\/\/weareglobaldreamers.com\/index.php\/wp-json\/wp\/v2\/pages\/16\/revisions"}],"predecessor-version":[{"id":210,"href":"https:\/\/weareglobaldreamers.com\/index.php\/wp-json\/wp\/v2\/pages\/16\/revisions\/210"}],"wp:featuredmedia":[{"embeddable":true,"href":"https:\/\/weareglobaldreamers.com\/index.php\/wp-json\/wp\/v2\/media\/13"}],"wp:attachment":[{"href":"https:\/\/weareglobaldreamers.com\/index.php\/wp-json\/wp\/v2\/media?parent=16"}],"curies":[{"name":"wp","href":"https:\/\/api.w.org\/{rel}","templated":true}]}}